{"id":953,"date":"2024-04-29T00:55:43","date_gmt":"2024-04-29T04:55:43","guid":{"rendered":"https:\/\/marketing.ventacibao.com\/?post_type=product&#038;p=953"},"modified":"2024-05-10T17:14:08","modified_gmt":"2024-05-10T21:14:08","slug":"principiantes","status":"publish","type":"product","link":"https:\/\/marketing.ventacibao.com\/index.php\/product\/principiantes\/","title":{"rendered":"Principiantes"},"content":{"rendered":"<p><span style=\"color: #000000;\"><strong>Sitio web WP de 5 p\u00e1ginas<\/strong><\/span><br \/>\n<span style=\"color: #000000;\"><strong>Una Cuenta de correo electr\u00f3nico b\u00e1sica \u201crecomendada por JSTsmtp\u201d Respaldada por google<\/strong><\/span><br \/>\n<span style=\"color: #000000;\"><strong>SSL gratis durante el primer a\u00f1o * (renovable) al precio actual.<\/strong><\/span><br \/>\n<span style=\"color: #000000;\"><strong>Tres revisiones de \u00bc de p\u00e1gina por mes, incluidas.<\/strong><\/span><br \/>\n<span style=\"color: #000000;\"><strong>Un video de introducci\u00f3n.<\/strong><\/span><br \/>\n<span style=\"color: #000000;\"><strong>20 im\u00e1genes<\/strong><\/span><br \/>\n<span style=\"color: #000000;\"><strong>5GB de almacenamiento<\/strong><\/span><br \/>\n<span style=\"color: #000000;\"><strong>10,000 visitantes mensuales<\/strong><\/span><br \/>\n<span style=\"color: #000000;\"><strong>Un sub dominio adicional<\/strong><\/span><br \/>\n<span style=\"color: #000000;\"><strong>Dominio gratuito incluido patrocinado por JST durante el primer a\u00f1o. Renovaciones cada a\u00f1o a $19.99usd por a\u00f1o para .Com otras extensiones de variedad al precio actual.<\/strong><\/span><\/p>\n","protected":false},"excerpt":{"rendered":"<p>Sitio web WP de 5 p\u00e1ginas<\/p>\n","protected":false},"featured_media":952,"comment_status":"open","ping_status":"closed","template":"","meta":{"om_disable_all_campaigns":false,"_mi_skip_tracking":false},"product_cat":[222,223],"product_tag":[],"aioseo_notices":[],"_links":{"self":[{"href":"https:\/\/marketing.ventacibao.com\/index.php\/wp-json\/wp\/v2\/product\/953"}],"collection":[{"href":"https:\/\/marketing.ventacibao.com\/index.php\/wp-json\/wp\/v2\/product"}],"about":[{"href":"https:\/\/marketing.ventacibao.com\/index.php\/wp-json\/wp\/v2\/types\/product"}],"replies":[{"embeddable":true,"href":"https:\/\/marketing.ventacibao.com\/index.php\/wp-json\/wp\/v2\/comments?post=953"}],"wp:featuredmedia":[{"embeddable":true,"href":"https:\/\/marketing.ventacibao.com\/index.php\/wp-json\/wp\/v2\/media\/952"}],"wp:attachment":[{"href":"https:\/\/marketing.ventacibao.com\/index.php\/wp-json\/wp\/v2\/media?parent=953"}],"wp:term":[{"taxonomy":"product_cat","embeddable":true,"href":"https:\/\/marketing.ventacibao.com\/index.php\/wp-json\/wp\/v2\/product_cat?post=953"},{"taxonomy":"product_tag","embeddable":true,"href":"https:\/\/marketing.ventacibao.com\/index.php\/wp-json\/wp\/v2\/product_tag?post=953"}],"curies":[{"name":"wp","href":"https:\/\/api.w.org\/{rel}","templated":true}]}}