{"id":926,"date":"2024-04-27T20:10:47","date_gmt":"2024-04-28T00:10:47","guid":{"rendered":"https:\/\/marketing.ventacibao.com\/?post_type=product&#038;p=926"},"modified":"2024-04-27T20:12:27","modified_gmt":"2024-04-28T00:12:27","slug":"1000-espectadores-por-un-tiempo-de-360-minutos-para-tu-live-stream-de-tiktok","status":"publish","type":"product","link":"https:\/\/marketing.ventacibao.com\/index.php\/product\/1000-espectadores-por-un-tiempo-de-360-minutos-para-tu-live-stream-de-tiktok\/","title":{"rendered":"1000 Espectadores por un tiempo de 360 minutos para tu Live Stream de TikTok"},"content":{"rendered":"<p>Por qu\u00e9 deber\u00edas de usar marketing para espectadores para tu Live Stream de TikTok<\/p>\n<p><span style=\"font-weight: 400;\">Incrementar la audiencia de tu Live Stream en TikTok no es solo una cuesti\u00f3n de n\u00fameros; es una t\u00e1ctica que amplifica tu impacto, visibilidad y engagement en tiempo real en esta vibrante plataforma.<\/span><\/p>\n<p><span style=\"font-weight: 400;\">Impulso Instant\u00e1neo: Al empezar con un n\u00famero robusto de espectadores, tu transmisi\u00f3n en vivo ser\u00e1 percibida como m\u00e1s popular y relevante, atrayendo a otros usuarios a sintonizar.<\/span><\/p>\n<p><span style=\"font-weight: 400;\">Mayor Visibilidad: transmisi\u00f3n en vivo con un alto n\u00famero de espectadores tienen una probabilidad mayor de aparecer en las p\u00e1ginas principales o ser destacados, expandiendo tu alcance a una audiencia m\u00e1s amplia.<\/span><\/p>\n<p><span style=\"font-weight: 400;\">Engagement Aut\u00e9ntico: Con m\u00e1s espectadores, la interacci\u00f3n en tu transmisi\u00f3n en vivo es m\u00e1s din\u00e1mica. Comentarios, likes y shares se incrementan, creando un ambiente interactivo y animado.<\/span><\/p>\n<p><span style=\"font-weight: 400;\">Credibilidad y Autoridad: Una audiencia considerable en tu Live Stream refuerza tu posici\u00f3n como creador de contenido relevante, aumentando la confianza y la percepci\u00f3n de autoridad entre tus seguidores y nuevos espectadores.<\/span><\/p>\n<p><span style=\"font-weight: 400;\">Oportunidades Amplificadas: Las marcas y colaboradores potenciales se sienten atra\u00eddos hacia creadores con un alto engagement en sus transmisiones en vivo, abriendo la puerta a posibles patrocinios, colaboraciones y otros beneficios.<\/span><\/p>\n<p><span style=\"font-weight: 400;\">Adquirir espectadores para tu Live Stream de TikTok es un paso estrat\u00e9gico para asegurar que tus transmisiones en vivo resuenen, conectan y se destaquen en una plataforma donde el contenido en tiempo real tiene un valor inigualable.<\/span><\/p>\n<p><span style=\"font-weight: 400;\">\u00a1Aumenta el impacto de tus transmisiones en vivo! Consigue espectadores para tus Live Stream en TikTok y brinda a tu contenido el foco que merece. Con una audiencia amplia y genuina, tus directos ganar\u00e1n momentum, captando la atenci\u00f3n y generando interacci\u00f3n real. Haz que cada momento en vivo cuente y transforma tus streams en eventos imperdibles en TikTok. \u00a1Convierte cada transmisi\u00f3n en una experiencia compartida con espectadores que elevan tu directo al siguiente nivel!<\/span><\/p>\n<p><span style=\"font-weight: 400;\">\u23f0 Inicio: 0 \u2013 30 Minutos<\/span><\/p>\n<p><span style=\"font-weight: 400;\">\ud83d\udc8e Calidad: Espectadores Reales<\/span><\/p>\n<p><span style=\"font-weight: 400;\">\ud83c\udf0e Origen: Todos los Pa\u00edses<\/span><\/p>\n<p><span style=\"font-weight: 400;\">\u26a0 Importante:\u00a0<\/span><\/p>\n<ol>\n<li><span style=\"font-weight: 400;\"> El Live debe ser p\u00fablico.<\/span><\/li>\n<li><span style=\"font-weight: 400;\"> Debe estar en Stream para realizar la entrega de los espectadores.<\/span><\/li>\n<li><span style=\"font-weight: 400;\"> Debes comprar el servicio 15 minutos antes de activarlo.<\/span><\/li>\n<\/ol>\n<p><span style=\"font-weight: 400;\">\ud83c\udf0e Origen: Todos los Pa\u00edses<\/span><\/p>\n<p><span style=\"font-weight: 400;\">\u00a0<\/span><span style=\"font-weight: 400;\">\u2705: Este servicio funciona solo en cuentas p\u00fablicas<\/span><\/p>\n<p><span style=\"font-weight: 400;\">\u2705: Sin recarga \/ reembolso si el conteo inicial del pedido disminuye en cualquier momento<\/span><\/p>\n<p><span style=\"font-weight: 400;\">\u2705: Sin recarga si el perfil se hace privado o cambia el nombre de usuario<\/span><\/p>\n","protected":false},"excerpt":{"rendered":"<p>1000 Espectadores por un tiempo de 360 minutos para tu Live Stream de TikTok<\/p>\n<p><span style=\"font-weight: 400;\">Mayor Visibilidad: transmisi\u00f3n en vivo con un alto n\u00famero de espectadores tienen una probabilidad mayor de aparecer en las p\u00e1ginas principales o ser destacados, expandiendo tu alcance a una audiencia m\u00e1s amplia.<\/span><\/p>\n","protected":false},"featured_media":923,"comment_status":"open","ping_status":"closed","template":"","meta":{"om_disable_all_campaigns":false,"_mi_skip_tracking":false},"product_cat":[219],"product_tag":[220,221],"aioseo_notices":[],"_links":{"self":[{"href":"https:\/\/marketing.ventacibao.com\/index.php\/wp-json\/wp\/v2\/product\/926"}],"collection":[{"href":"https:\/\/marketing.ventacibao.com\/index.php\/wp-json\/wp\/v2\/product"}],"about":[{"href":"https:\/\/marketing.ventacibao.com\/index.php\/wp-json\/wp\/v2\/types\/product"}],"replies":[{"embeddable":true,"href":"https:\/\/marketing.ventacibao.com\/index.php\/wp-json\/wp\/v2\/comments?post=926"}],"wp:featuredmedia":[{"embeddable":true,"href":"https:\/\/marketing.ventacibao.com\/index.php\/wp-json\/wp\/v2\/media\/923"}],"wp:attachment":[{"href":"https:\/\/marketing.ventacibao.com\/index.php\/wp-json\/wp\/v2\/media?parent=926"}],"wp:term":[{"taxonomy":"product_cat","embeddable":true,"href":"https:\/\/marketing.ventacibao.com\/index.php\/wp-json\/wp\/v2\/product_cat?post=926"},{"taxonomy":"product_tag","embeddable":true,"href":"https:\/\/marketing.ventacibao.com\/index.php\/wp-json\/wp\/v2\/product_tag?post=926"}],"curies":[{"name":"wp","href":"https:\/\/api.w.org\/{rel}","templated":true}]}}