{"id":823,"date":"2024-04-08T02:31:09","date_gmt":"2024-04-08T06:31:09","guid":{"rendered":"https:\/\/marketing.ventacibao.com\/?post_type=product&#038;p=823"},"modified":"2024-06-01T20:00:16","modified_gmt":"2024-06-02T00:00:16","slug":"200-comentarios-para-tu-canal-con-este-plan-de-marketing-enfocado-en-el-crecimiento-de-tu-instagram","status":"publish","type":"product","link":"https:\/\/marketing.ventacibao.com\/index.php\/product\/200-comentarios-para-tu-canal-con-este-plan-de-marketing-enfocado-en-el-crecimiento-de-tu-instagram\/","title":{"rendered":"200 Comentarios para tu canal con este plan de marketing enfocado en el crecimiento de tu instagram."},"content":{"rendered":"<h3><span style=\"color: #000000;\"><strong>200 Comentarios para tu canal con este plan de marketing enfocado en el crecimiento de tu instagram.<\/strong><\/span><\/h3>\n<p><span style=\"font-weight: 400;\">Descripci\u00f3n del Servicio:<\/span><\/p>\n<p><span style=\"font-weight: 400;\">\u00a1Maximiza tu contenido! Consigue, Marketing para agregar 50 Comentarios para tu plataforma de instagram. Descubre c\u00f3mo tus creaciones pueden volverse irresistibles, d\u00e1ndote credibilidad mediante todas esas vistas que se refleja en tu canal. Recuerda que estos comentarios que tu est\u00e1s comprando en nuestro plan de marketing, es muy bueno para tus espectadores que vean tr\u00e1nsito en tu instagram. Porque para ellos eso significa que tu instagram tiene productos que le gustan a muchisima personas. Tampoco es bueno que el visitante de Instagram o mejor dicho el espectador sienta que no son los \u00fanicos que van a compartir contigo su tiempo.\u00a0<\/span><\/p>\n<p><span style=\"font-weight: 400;\">\u00bfQuieres que tus publicaciones en Instagram destaquen por encima del resto? \u00a1La compra de marketing de comentarios es la soluci\u00f3n! Para Impulsar la visibilidad y relevancia de tu perfil con comentarios de alta calidad y acordes a tu tem\u00e1tica. \u00a1Compra ahora y haz que tu perfil despegue!.<\/span><\/p>\n<p><span style=\"font-weight: 400;\">\u2705 \u00a1Comentarios personalizados seg\u00fan tu tem\u00e1tica!<\/span><\/p>\n<p><span style=\"font-weight: 400;\">\u2705 Comentarios seg\u00fan tu idioma<\/span><\/p>\n<p><span style=\"font-weight: 400;\">\u2705 Entrega: 100 \u2013 500 Comentarios por d\u00eda<\/span><\/p>\n<p><span style=\"font-weight: 400;\">\u2705 Rapidez: Inicio instant\u00e1neo<\/span><\/p>\n<p>&nbsp;<\/p>\n<p><span style=\"font-weight: 400;\">\ud83c\udf0d Origen de los Likes: Todo los pa\u00edses<\/span><\/p>\n<p><span style=\"font-weight: 400;\">\u26a0 Importante: Tener la cuenta en modo p\u00fablico.<\/span><\/p>\n","protected":false},"excerpt":{"rendered":"<h3><span style=\"color: #000000;\"><strong>200 Comentarios para tu canal con este plan de marketing enfocado en el crecimiento de tu instagram.<\/strong><\/span><\/h3>\n<p><span style=\"font-weight: 400;\">Recuerda que estos comentarios que tu est\u00e1s comprando en nuestro plan de marketing, es muy bueno para tus espectadores que vean tr\u00e1nsito en tu instagram.<\/span><\/p>\n","protected":false},"featured_media":816,"comment_status":"open","ping_status":"closed","template":"","meta":{"om_disable_all_campaigns":false,"_mi_skip_tracking":false},"product_cat":[213],"product_tag":[],"aioseo_notices":[],"_links":{"self":[{"href":"https:\/\/marketing.ventacibao.com\/index.php\/wp-json\/wp\/v2\/product\/823"}],"collection":[{"href":"https:\/\/marketing.ventacibao.com\/index.php\/wp-json\/wp\/v2\/product"}],"about":[{"href":"https:\/\/marketing.ventacibao.com\/index.php\/wp-json\/wp\/v2\/types\/product"}],"replies":[{"embeddable":true,"href":"https:\/\/marketing.ventacibao.com\/index.php\/wp-json\/wp\/v2\/comments?post=823"}],"wp:featuredmedia":[{"embeddable":true,"href":"https:\/\/marketing.ventacibao.com\/index.php\/wp-json\/wp\/v2\/media\/816"}],"wp:attachment":[{"href":"https:\/\/marketing.ventacibao.com\/index.php\/wp-json\/wp\/v2\/media?parent=823"}],"wp:term":[{"taxonomy":"product_cat","embeddable":true,"href":"https:\/\/marketing.ventacibao.com\/index.php\/wp-json\/wp\/v2\/product_cat?post=823"},{"taxonomy":"product_tag","embeddable":true,"href":"https:\/\/marketing.ventacibao.com\/index.php\/wp-json\/wp\/v2\/product_tag?post=823"}],"curies":[{"name":"wp","href":"https:\/\/api.w.org\/{rel}","templated":true}]}}