{"id":180,"date":"2024-02-14T18:22:17","date_gmt":"2024-02-14T22:22:17","guid":{"rendered":"https:\/\/marketing.ventacibao.com\/?post_type=product&#038;p=180"},"modified":"2024-02-20T15:03:40","modified_gmt":"2024-02-20T19:03:40","slug":"marketing-para-agregar-4000-horas-de-visualizacion-a-tu-canal-con-tu-video-de-una-hora-o-mas-4000hours","status":"publish","type":"product","link":"https:\/\/marketing.ventacibao.com\/index.php\/product\/marketing-para-agregar-4000-horas-de-visualizacion-a-tu-canal-con-tu-video-de-una-hora-o-mas-4000hours\/","title":{"rendered":"Marketing para agregar 4000 horas de visualizaci\u00f3n a tu canal con tu video de una hora o m\u00e1s (4000 hours)"},"content":{"rendered":"<h4><span style=\"color: #ff9900;\"><strong>Visualizaci\u00f3n a tu canal con tu video de una hora o m\u00e1s (4000 hours)<\/strong><\/span><\/h4>\n<p><span style=\"font-weight: 400;\">\u00a1Maximiza tu contenido! Consigue, Marketing para agregar 4,000 horas de visualizaci\u00f3n con tu video de una hora o mas, para tus v\u00eddeos de YouTube, y descubre c\u00f3mo tus creaciones pueden volverse irresistibles, d\u00e1ndote credibilidad mediante vistas mirando tu contenido y la cantidad de Marketing para horas de reproducci\u00f3n que ha recibido tu v\u00eddeo(s), en un tiempo r\u00e9cord real. Las horas son igual o m\u00e1s importantes para poder monetizar tu canal. Es como el viejo dicho: \u201csin horas de reproducci\u00f3n en tu plataforma de YouTube no hay chamba, dinero. Nos es bueno que tus espectadores vean pocas horas en tus videos. Porque para ellos eso significa que el video que pensaban mirarlo por su linda cara no es tan bueno como se ve en la miniatura. sientan que son los \u00fanicos que lo van a mirar. Si no a cambio cuando un espectador vez que un video tiene muchas horas. Esto le da m\u00e1s confianza de que el video que est\u00e1 a punto de darle clic es de buen contenido. Y el deseo de ver el video aumenta. \u00bfTiene sentido para usted lo que hablo?<\/span><\/p>\n<p><span style=\"font-weight: 400;\">\u00bfEst\u00e1s listo para ver tus videos llenarse de horas de vistas? y tu canal despega hacia el \u00e9xito? \u00a1No esperes m\u00e1s, empieza a conquistar YouTube ahora mismo! Con el equipo de marketing m\u00e1s duro que hay en las plataformas de redes sociales. Para m\u00e1s informaci\u00f3n revise nuestro PMF\u2019s (FAQ\u2019s).\u00a0 \u00a0 Nosotros tenemos cientos de miles de miembros de redes sociales que ayudan a los canales que necesitan apoyo para crecer. Y cuando usted usa nuestros servicios de marketing online nosotros nos encargamos de pedir el apoyo de la multitud de influencers y espectadores.\u00a0<\/span><\/p>\n<p><span style=\"font-weight: 400;\">El trabajo de nosotros es seguir arriba de ellos, hasta que se cumpla el proyecto de usted. No importa lo peque\u00f1a o grande que sea su necesidad. Y entregamos todos los proyectos un cien por ciento de todas las necesidades de nuestros clientes siempre!<\/span><\/p>\n<h4><span style=\"color: #000000;\"><strong>Descripci\u00f3n del Servicio:<\/strong><\/span><\/h4>\n<p><span style=\"font-weight: 400;\">\u23f0 Inicio: 0 \u2013 12 Horas<\/span><\/p>\n<p><span style=\"font-weight: 400;\">\u26a1 Velocidad de entrega: 4,000 \/ horas de 1 a 7 d\u00edas<\/span><\/p>\n<p><span style=\"font-weight: 400;\">\u23f0 Tiempo que YouTube registra horas a tu panel 7 &#8211; 14 d\u00edas<\/span><\/p>\n<p><span style=\"font-weight: 400;\">\u267b\ufe0f Garant\u00eda: 30 d\u00edas<\/span><\/p>\n<p><span style=\"font-weight: 400;\">\ud83d\udd17 Tipo de Enlace: Video, mas un video de 1hr o Mas\u00a0<\/span><\/p>\n<p><span style=\"font-weight: 400;\">\ud83d\udcc8 4,000 Vistas x 1 Video de 1hr = 4,000 Horas visualizaci\u00f3n<\/span><\/p>\n<p>&nbsp;<\/p>\n<h4><strong><span style=\"color: #ff0000;\">\u26a0\ufe0fCompruebe (leer) esta descripci\u00f3n cuidadosamente antes de realizar un pedido:<\/span><\/strong><\/h4>\n<p><span style=\"font-weight: 400;\">\ud83d\udea9Si el video <strong><span style=\"color: #000000;\">(NO)<\/span><\/strong> tiene m\u00e1s de 60 minutos, <strong>NO<\/strong> iniciaremos con la entrega.<\/span><\/p>\n<p><span style=\"font-weight: 400;\">\ud83d\udea9Si el video se elimin\u00f3, no hay reembolso.<\/span><\/p>\n<p><span style=\"font-weight: 400;\">\ud83d\udea9Los pedidos en ejecuci\u00f3n y completados no se pueden cancelar.<\/span><\/p>\n","protected":false},"excerpt":{"rendered":"<h4><span style=\"color: #ff9900;\"><strong>Visualizaci\u00f3n a tu canal con tu video de una hora o m\u00e1s (4000 hours)<\/strong><\/span><\/h4>\n<p><strong>\u00a1Maximiza tu contenido! Consigue, Marketing para agregar 4,000 horas de visualizaci\u00f3n con tu video de una hora o mas, para tus v\u00eddeos de YouTube, y descubre c\u00f3mo tus creaciones pueden volverse irresistibles, d\u00e1ndote credibilidad mediante vistas mirando tu contenido y la cantidad de Marketing para horas de reproducci\u00f3n que ha recibido tu v\u00eddeo(s), en un tiempo r\u00e9cord real. Las horas son igual o m\u00e1s importantes para poder monetizar tu canal. Es como el viejo dicho: \u201csin horas de reproducci\u00f3n en tu plataforma de YouTube no hay chamba, dinero. <\/strong><\/p>\n","protected":false},"featured_media":112,"comment_status":"open","ping_status":"closed","template":"","meta":{"om_disable_all_campaigns":false,"_mi_skip_tracking":false},"product_cat":[101],"product_tag":[104,113,114,115,112,111,102,103,106,110,116,105,107,108,109],"aioseo_notices":[],"_links":{"self":[{"href":"https:\/\/marketing.ventacibao.com\/index.php\/wp-json\/wp\/v2\/product\/180"}],"collection":[{"href":"https:\/\/marketing.ventacibao.com\/index.php\/wp-json\/wp\/v2\/product"}],"about":[{"href":"https:\/\/marketing.ventacibao.com\/index.php\/wp-json\/wp\/v2\/types\/product"}],"replies":[{"embeddable":true,"href":"https:\/\/marketing.ventacibao.com\/index.php\/wp-json\/wp\/v2\/comments?post=180"}],"wp:featuredmedia":[{"embeddable":true,"href":"https:\/\/marketing.ventacibao.com\/index.php\/wp-json\/wp\/v2\/media\/112"}],"wp:attachment":[{"href":"https:\/\/marketing.ventacibao.com\/index.php\/wp-json\/wp\/v2\/media?parent=180"}],"wp:term":[{"taxonomy":"product_cat","embeddable":true,"href":"https:\/\/marketing.ventacibao.com\/index.php\/wp-json\/wp\/v2\/product_cat?post=180"},{"taxonomy":"product_tag","embeddable":true,"href":"https:\/\/marketing.ventacibao.com\/index.php\/wp-json\/wp\/v2\/product_tag?post=180"}],"curies":[{"name":"wp","href":"https:\/\/api.w.org\/{rel}","templated":true}]}}