{"id":793,"date":"2024-04-05T20:35:04","date_gmt":"2024-04-06T00:35:04","guid":{"rendered":"https:\/\/marketing.ventacibao.com\/?page_id=793"},"modified":"2024-04-06T02:39:09","modified_gmt":"2024-04-06T06:39:09","slug":"sulgeli","status":"publish","type":"page","link":"https:\/\/marketing.ventacibao.com\/index.php\/sulgeli\/","title":{"rendered":"Sulgeli"},"content":{"rendered":"\n<h1>\n\t\t\u00a1Hola! Bienvenido a mi p\u00e1gina personal, espero que est\u00e9s aqu\u00ed buscando algo similar a lo que yo estoy buscando. \u00a1Libertad financiera! Todos estamos de acuerdo en que podemos llegar all\u00ed con las redes sociales, aqu\u00ed est\u00e1n las herramientas que necesita, \u00faselas y comience su viaje.\n\t<\/h1>\n\t\t\t<a href=\"https:\/\/marketing.ventacibao.com\/index.php\/shop\/\" target=\"_self\" role=\"button\" rel=\"noopener\">\n\t\t\t\t\t\t\tExplora todos los maravillosos servicios de Marketing haciendo clic en este bot\u00f3n.\n\t\t\t<\/a>\n\t\t\t\t<a href=\"https:\/\/marketing.ventacibao.com\/index.php\/product-category\/redes-sociales\/marketing-para-youtube\/visitas-para-los-video-short-de-youtube\/\" target=\"_blank\" rel=\"noopener\" itemprop=\"url\">\n\t\t\t\t<img loading=\"lazy\" decoding=\"async\" src=\"https:\/\/marketing.ventacibao.com\/wp-content\/uploads\/2024\/04\/marketing-para-visitas-shorts.png\" alt=\"marketing para visitas shorts\" itemprop=\"image\" height=\"300\" width=\"300\" title=\"marketing para visitas shorts\" onerror=\"this.style.display='none'\"  \/>\n\t\t\t\t<\/a>\n\t\t\t\t<img loading=\"lazy\" decoding=\"async\" src=\"https:\/\/marketing.ventacibao.com\/wp-content\/uploads\/2024\/04\/Markeing-para-Visitas-Category.png\" alt=\"Markeing para Visitas Category\" itemprop=\"image\" height=\"300\" width=\"300\" title=\"Markeing para Visitas Category\" onerror=\"this.style.display='none'\"  \/>\n\t\t\t\t<img loading=\"lazy\" decoding=\"async\" src=\"https:\/\/marketing.ventacibao.com\/wp-content\/uploads\/2024\/04\/Marketing-para-Comentarios.png\" alt=\"Marketing para Comentarios\" itemprop=\"image\" height=\"300\" width=\"300\" title=\"Marketing para Comentarios\" onerror=\"this.style.display='none'\"  \/>\n\t\t\t\t<img loading=\"lazy\" decoding=\"async\" src=\"https:\/\/marketing.ventacibao.com\/wp-content\/uploads\/2024\/04\/marketing-para-subs.png\" alt=\"marketing para subs\" itemprop=\"image\" height=\"300\" width=\"300\" title=\"marketing para subs\" onerror=\"this.style.display='none'\"  \/>\n\t\t\t\t<img loading=\"lazy\" decoding=\"async\" src=\"https:\/\/marketing.ventacibao.com\/wp-content\/uploads\/2024\/04\/Marketing-para-likes-Category.png\" alt=\"Marketing para likes Category\" itemprop=\"image\" height=\"300\" width=\"300\" title=\"Marketing para likes Category\" onerror=\"this.style.display='none'\"  \/>\n\t\t\t\t<img loading=\"lazy\" decoding=\"async\" src=\"https:\/\/marketing.ventacibao.com\/wp-content\/uploads\/2024\/03\/150x-Marketing-Reel-Category.png\" alt=\"150x Marketing Reel Category\" itemprop=\"image\" height=\"150\" width=\"150\" title=\"150x Marketing Reel Category\" onerror=\"this.style.display='none'\"  \/>\n\t\t\t\t<img loading=\"lazy\" decoding=\"async\" src=\"https:\/\/marketing.ventacibao.com\/wp-content\/uploads\/2024\/02\/Seguidores-para-twitch-1.jpg\" alt=\"Seguidores para twitch\" itemprop=\"image\" height=\"400\" width=\"400\" title=\"Seguidores para twitch\" onerror=\"this.style.display='none'\"  \/>\n\t\t\t\t<img loading=\"lazy\" decoding=\"async\" src=\"https:\/\/marketing.ventacibao.com\/wp-content\/uploads\/2024\/02\/Seguidores-para-twitch.jpg\" alt=\"Seguidores para twitch\" itemprop=\"image\" height=\"400\" width=\"400\" title=\"Seguidores para twitch\" onerror=\"this.style.display='none'\"  \/>\n\t\t\t\t<a href=\"https:\/\/marketing.ventacibao.com\/index.php\/product-category\/redes-sociales\/marketing-para-seguidores-de-facebook\/\" target=\"_self\" itemprop=\"url\" rel=\"noopener\">\n\t\t\t\t<img loading=\"lazy\" decoding=\"async\" src=\"https:\/\/marketing.ventacibao.com\/wp-content\/uploads\/2024\/02\/Marketing-Reel-Category.jpg\" alt=\"Marketing Reel Category\" itemprop=\"image\" height=\"400\" width=\"400\" title=\"Marketing Reel Category\" onerror=\"this.style.display='none'\"  \/>\n\t\t\t\t<\/a>\n\t\t\t\t<img loading=\"lazy\" decoding=\"async\" src=\"https:\/\/marketing.ventacibao.com\/wp-content\/uploads\/2024\/02\/TikTok.png\" alt=\"TikTok\" itemprop=\"image\" height=\"600\" width=\"600\" title=\"TikTok\" onerror=\"this.style.display='none'\"  \/>\n\t\t\t\t<img loading=\"lazy\" decoding=\"async\" src=\"https:\/\/marketing.ventacibao.com\/wp-content\/uploads\/2024\/02\/Shorts.png\" alt=\"Shorts\" itemprop=\"image\" height=\"600\" width=\"600\" title=\"Shorts\" onerror=\"this.style.display='none'\"  \/>\n\t\t\t\t<img loading=\"lazy\" decoding=\"async\" src=\"https:\/\/marketing.ventacibao.com\/wp-content\/uploads\/2024\/02\/instagram.png\" alt=\"instagram\" itemprop=\"image\" height=\"600\" width=\"600\" title=\"instagram\" onerror=\"this.style.display='none'\"  \/>\n<h2>\n\t\t\u00bfTe gustar\u00eda ganar dinero desde casa tambi\u00e9n? Te invito a convertirte en afiliado como yo y ayudar a otros a obtener los resultados que necesitan.\n\t<\/h2>\n\t\t\t<a href=\"https:\/\/marketing.ventacibao.com\/index.php\/affiliate-area\/\" target=\"_self\" role=\"button\" rel=\"noopener\">\n\t\t\t\t\t\t\t\u00a1Haga clic en este bot\u00f3n y comience su viaje como afiliado!\n\t\t\t<\/a>\n\n","protected":false},"excerpt":{"rendered":"<p>\u00a1Hola! Bienvenido a mi p\u00e1gina personal, espero que est\u00e9s aqu\u00ed buscando algo similar a lo que yo estoy buscando. \u00a1Libertad financiera! Todos estamos de acuerdo en que podemos llegar all\u00ed con las redes sociales, aqu\u00ed est\u00e1n las herramientas que necesita, \u00faselas y comience su viaje. Explora todos los maravillosos servicios de Marketing haciendo clic en [&hellip;]<\/p>\n","protected":false},"author":1,"featured_media":0,"parent":0,"menu_order":0,"comment_status":"closed","ping_status":"closed","template":"template-fullwidth.php","meta":{"om_disable_all_campaigns":false,"_mi_skip_tracking":false,"footnotes":""},"aioseo_notices":[],"_links":{"self":[{"href":"https:\/\/marketing.ventacibao.com\/index.php\/wp-json\/wp\/v2\/pages\/793"}],"collection":[{"href":"https:\/\/marketing.ventacibao.com\/index.php\/wp-json\/wp\/v2\/pages"}],"about":[{"href":"https:\/\/marketing.ventacibao.com\/index.php\/wp-json\/wp\/v2\/types\/page"}],"author":[{"embeddable":true,"href":"https:\/\/marketing.ventacibao.com\/index.php\/wp-json\/wp\/v2\/users\/1"}],"replies":[{"embeddable":true,"href":"https:\/\/marketing.ventacibao.com\/index.php\/wp-json\/wp\/v2\/comments?post=793"}],"version-history":[{"count":3,"href":"https:\/\/marketing.ventacibao.com\/index.php\/wp-json\/wp\/v2\/pages\/793\/revisions"}],"predecessor-version":[{"id":798,"href":"https:\/\/marketing.ventacibao.com\/index.php\/wp-json\/wp\/v2\/pages\/793\/revisions\/798"}],"wp:attachment":[{"href":"https:\/\/marketing.ventacibao.com\/index.php\/wp-json\/wp\/v2\/media?parent=793"}],"curies":[{"name":"wp","href":"https:\/\/api.w.org\/{rel}","templated":true}]}}