{"id":437,"date":"2024-02-21T08:38:33","date_gmt":"2024-02-21T12:38:33","guid":{"rendered":"https:\/\/marketing.ventacibao.com\/?page_id=437"},"modified":"2024-03-03T20:12:53","modified_gmt":"2024-03-04T00:12:53","slug":"juansabelotodo","status":"publish","type":"page","link":"https:\/\/marketing.ventacibao.com\/index.php\/juansabelotodo\/","title":{"rendered":"JuanSabeloTodo"},"content":{"rendered":"\n<h1>\n\t\t<strong>\u00a1Lo hiciste! Felicidades<\/strong>\n\t<\/h1>\n\t<p><strong>\u00a1Si est\u00e1s aqu\u00ed significa que tomas en serio tu futuro! De tus plataformas de Redes Sociales. \u00a1Y quieres crecer ahora! \u00a1No en cinco a\u00f1os! \u00bfCorrecto?<\/strong><\/p>\n\t<h4><strong>Como promet\u00ed, no olvide obtener su c\u00f3digo de descuento debajo.\u00a0<\/strong><\/h4>\n<h2>\n\t\tNo hay mejor momento que ahora para convertirte en millonario en las redes sociales.\n\t<\/h2>\n\t<p><strong>\u00a1Detener! \u00a1Est\u00e1 pensando en involucrarse y comenzar hoy! Y con la ayuda de este incre\u00edble producto de Marketing.VentaCibao.com el cielo es el l\u00edmite. &#8220;Realmente te ayudan a tener \u00e9xito&#8221;. Apoyamos todas las plataformas de redes sociales.<\/strong><\/p>\n<p><strong>Si desea seguirme en cualquiera de los canales sociales a continuaci\u00f3n, simplemente haga clic en el bot\u00f3n de su elecci\u00f3n.<\/strong><\/p>\n<p>&nbsp;<\/p>\n\t\t\t\t<a href=\"https:\/\/www.youtube.com\/channel\/UCcAz2bH-F20BwFsblr1oSTA?sub_confirmation=1\" target=\"_blank\" rel=\"noopener\" itemprop=\"url\">\n\t\t\t\t<img loading=\"lazy\" decoding=\"async\" src=\"https:\/\/marketing.ventacibao.com\/wp-content\/uploads\/2024\/02\/YouTube.png\" alt=\"YouTube\" itemprop=\"image\" height=\"600\" width=\"600\" title=\"YouTube\" onerror=\"this.style.display='none'\"  \/>\n\t\t\t\t<\/a>\n\t\t\t\t<a href=\"https:\/\/www.youtube.com\/@JuanSabeloTodo-JST\/shorts\" target=\"_blank\" rel=\"noopener\" itemprop=\"url\">\n\t\t\t\t<img loading=\"lazy\" decoding=\"async\" src=\"https:\/\/marketing.ventacibao.com\/wp-content\/uploads\/2024\/02\/Shorts.png\" alt=\"Shorts\" itemprop=\"image\" height=\"600\" width=\"600\" title=\"Shorts\" onerror=\"this.style.display='none'\"  \/>\n\t\t\t\t<\/a>\n\t\t\t\t<a href=\"https:\/\/www.instagram.com\/juansabelotodoytc\/\" target=\"_blank\" rel=\"noopener\" itemprop=\"url\">\n\t\t\t\t<img loading=\"lazy\" decoding=\"async\" src=\"https:\/\/marketing.ventacibao.com\/wp-content\/uploads\/2024\/02\/instagram.png\" alt=\"instagram\" itemprop=\"image\" height=\"600\" width=\"600\" title=\"instagram\" onerror=\"this.style.display='none'\"  \/>\n\t\t\t\t<\/a>\n\t\t\t\t<a href=\"https:\/\/www.tiktok.com\/@juansabelotodoytc?lang=es\" target=\"_blank\" rel=\"noopener\" itemprop=\"url\">\n\t\t\t\t<img loading=\"lazy\" decoding=\"async\" src=\"https:\/\/marketing.ventacibao.com\/wp-content\/uploads\/2024\/02\/TikTok.png\" alt=\"TikTok\" itemprop=\"image\" height=\"600\" width=\"600\" title=\"TikTok\" onerror=\"this.style.display='none'\"  \/>\n\t\t\t\t<\/a>\n\t\t\t\t<a href=\"https:\/\/www.twitch.tv\/juansabelotodo\" target=\"_blank\" rel=\"noopener\" itemprop=\"url\">\n\t\t\t\t<img loading=\"lazy\" decoding=\"async\" src=\"https:\/\/marketing.ventacibao.com\/wp-content\/uploads\/2024\/02\/Twitch.png\" alt=\"Twitch\" itemprop=\"image\" height=\"600\" width=\"600\" title=\"Twitch\" onerror=\"this.style.display='none'\"  \/>\n\t\t\t\t<\/a>\n\t\t\t\t<a href=\"https:\/\/www.facebook.com\/profile.php?id=61556675104490\" target=\"_blank\" rel=\"noopener\" itemprop=\"url\">\n\t\t\t\t<img loading=\"lazy\" decoding=\"async\" src=\"https:\/\/marketing.ventacibao.com\/wp-content\/uploads\/2024\/02\/Facebook.png\" alt=\"Facebook\" itemprop=\"image\" height=\"600\" width=\"600\" title=\"Facebook\" onerror=\"this.style.display='none'\"  \/>\n\t\t\t\t<\/a>\n<h2>\n\t\tJuanSabeloTodo-me-dio-un-25%-de-descuento\n\t<\/h2>\n\t<p><strong>Este c\u00f3digo de cup\u00f3n lo puede utilizar en todo el sitio web marketing.ventacibao.com y esto puede significar cientos de d\u00f3lares en ahorros.<\/strong><\/p>\n<p><strong>JST25<\/strong><\/p>\n\t\t\t\t<img decoding=\"async\" src=\"https:\/\/lite.demos.wpbeaverbuilder.com\/wp-content\/uploads\/sites\/28\/2020\/02\/office.jpg\" alt=\"\" itemprop=\"image\" onerror=\"this.style.display='none'\"  \/>\n<h2>\n\t\tMis pensamientos\n\t<\/h2>\n\t<p><strong>Mi objetivo es ayudar a todos los latinos del mundo a liberarse de la cadena mental o idea de que, como latino, simplemente no puedes hacerlo. Amigos m\u00edos, somos el segundo idioma m\u00e1s hablado del mundo. Esto significa que somos muchos y nosotros logramos cosas incre\u00edbles. Y estoy aqu\u00ed en YouTube todos los d\u00edas predicando que t\u00fa tambi\u00e9n puedes hacerlo. Todo lo que necesitas es creer en ti mismo, actuar, comenzar hoy y vivir el sue\u00f1o de la libertad financiara ma\u00f1ana. Tengo fe en ti.<\/strong><\/p>\n<h1>\n\t\tTestimonials\n\t<\/h1>\n\t<p>JuanSabeloTodo, fue enviado de Dios! Estaba luchando por conseguir suscriptores. Y tal como dijo Juan. Marketing.VentaCibao.com me ay\u00fado a hacer justamente eso. \u00a1Ahora m\u00e1s personas ven mis videos y no podr\u00eda estar m\u00e1s agradecido! Soy una latina tratando de conseguir mi parte de la fiebre del oro, \u00a1como predica JuanSabeloTodo! Gracias.<\/p>\n\t\t\t\t<img decoding=\"async\" src=\"https:\/\/lite.demos.wpbeaverbuilder.com\/wp-content\/uploads\/sites\/28\/2020\/02\/photo-1558403194-611308249627-1-768x768-4.jpg\" alt=\"\" itemprop=\"image\" onerror=\"this.style.display='none'\"  \/>\n\t<b>Lisa Mary<\/b><strong>\u00a0Pacheco<br \/>\n<\/strong>Redes Sociales y Maestra\n\t<p>Juan SabeloTodo eres muy t\u00e9cnico y personalmente siento que est\u00e1s escribiendo en mi habitaci\u00f3n cuando estoy viendo tu video y no solo eso, sino que est\u00e1s hablando directamente conmigo. \u00a1Gracias por ser tan pensativos con nuestra gente Latino Am\u00e9rica unida!<\/p>\n\t\t\t\t<img decoding=\"async\" src=\"https:\/\/lite.demos.wpbeaverbuilder.com\/wp-content\/uploads\/sites\/28\/2020\/02\/photo-1552664730-d307ca884978-768x768-4.jpg\" alt=\"\" itemprop=\"image\" onerror=\"this.style.display='none'\"  \/>\n\t<b>Vanessa<\/b><strong>\u00a0del Rio<br \/>\n<\/strong>Viviendo dia a dia\n\n","protected":false},"excerpt":{"rendered":"<p>\u00a1Lo hiciste! Felicidades \u00a1Si est\u00e1s aqu\u00ed significa que tomas en serio tu futuro! De tus plataformas de Redes Sociales. \u00a1Y quieres crecer ahora! \u00a1No en cinco a\u00f1os! \u00bfCorrecto? Como promet\u00ed, no olvide obtener su c\u00f3digo de descuento debajo.\u00a0 No hay mejor momento que ahora para convertirte en millonario en las redes sociales. \u00a1Detener! \u00a1Est\u00e1 pensando [&hellip;]<\/p>\n","protected":false},"author":1,"featured_media":0,"parent":0,"menu_order":0,"comment_status":"closed","ping_status":"closed","template":"template-fullwidth.php","meta":{"om_disable_all_campaigns":false,"_mi_skip_tracking":false,"footnotes":""},"aioseo_notices":[],"_links":{"self":[{"href":"https:\/\/marketing.ventacibao.com\/index.php\/wp-json\/wp\/v2\/pages\/437"}],"collection":[{"href":"https:\/\/marketing.ventacibao.com\/index.php\/wp-json\/wp\/v2\/pages"}],"about":[{"href":"https:\/\/marketing.ventacibao.com\/index.php\/wp-json\/wp\/v2\/types\/page"}],"author":[{"embeddable":true,"href":"https:\/\/marketing.ventacibao.com\/index.php\/wp-json\/wp\/v2\/users\/1"}],"replies":[{"embeddable":true,"href":"https:\/\/marketing.ventacibao.com\/index.php\/wp-json\/wp\/v2\/comments?post=437"}],"version-history":[{"count":6,"href":"https:\/\/marketing.ventacibao.com\/index.php\/wp-json\/wp\/v2\/pages\/437\/revisions"}],"predecessor-version":[{"id":584,"href":"https:\/\/marketing.ventacibao.com\/index.php\/wp-json\/wp\/v2\/pages\/437\/revisions\/584"}],"wp:attachment":[{"href":"https:\/\/marketing.ventacibao.com\/index.php\/wp-json\/wp\/v2\/media?parent=437"}],"curies":[{"name":"wp","href":"https:\/\/api.w.org\/{rel}","templated":true}]}}