{"id":1012,"date":"2024-05-10T19:12:04","date_gmt":"2024-05-10T23:12:04","guid":{"rendered":"https:\/\/marketing.ventacibao.com\/?page_id=1012"},"modified":"2024-05-10T19:33:39","modified_gmt":"2024-05-10T23:33:39","slug":"nickyjam-pmfs-faqs","status":"publish","type":"page","link":"https:\/\/marketing.ventacibao.com\/index.php\/nickyjam-pmfs-faqs\/","title":{"rendered":"NickyJam PMFs\/FAQs"},"content":{"rendered":"\n\n\t<style>#sp-ea-1015 .spcollapsing { height: 0; overflow: hidden; transition-property: height;transition-duration: 300ms;}.sp-easy-accordion-enabled .eap_section_title_1015, body .eap_section_title_1015 { color: #444; margin-bottom:  30px; }#sp-ea-1015.sp-easy-accordion>.sp-ea-single {margin-bottom: 10px; border: 1px solid #e2e2e2; }#sp-ea-1015.sp-easy-accordion>.sp-ea-single>.ea-header a {color: #444;}#sp-ea-1015.sp-easy-accordion>.sp-ea-single>.sp-collapse>.ea-body {background: #fff; color: #444;}#sp-ea-1015.sp-easy-accordion>.sp-ea-single {background: #eee;}#sp-ea-1015.sp-easy-accordion>.sp-ea-single>.ea-header a .ea-expand-icon { float: left; color: #444;font-size: 16px;}<\/style><h2 class=\"eap_section_title eap_section_title_1015\"> Debe leer las siete razones por las que su empresa necesita su propio sitio web personalizado: <\/h2><div id=\"sp_easy_accordion-1715383196\"><div id=\"sp-ea-1015\" class=\"sp-ea-one sp-easy-accordion\" data-ex-icon=\"minus\" data-col-icon=\"plus\"  data-ea-active=\"ea-click\"  data-ea-mode=\"vertical\" data-preloader=\"\" data-scroll-active-item=\"\" data-offset-to-scroll=\"0\"><div class=\"ea-card ea-expand sp-ea-single\"><h3 class=\"ea-header\"><a class=\"collapsed\" id=\"ea-header-10150\" data-sptoggle=\"spcollapse\" data-sptarget=\"#collapse10150\" aria-controls=\"collapse10150\" href=\"javascript:void(0)\"  aria-expanded=\"true\" tabindex=\"0\"><i class=\"ea-expand-icon ea-icon-expand-minus\"><\/i>  # 1. Ampl\u00eda tu mercado<\/a><\/h3><div class=\"sp-collapse spcollapse collapsed show\" id=\"collapse10150\" data-parent=\"#sp-ea-1015\" role=\"region\" aria-labelledby=\"ea-header-10150\"><div class=\"ea-body\"><p>Tener una p\u00e1gina web te ofrece la oportunidad de llegar a m\u00e1s clientes, no importa si se trata de un negocio local puesto que alcanzan mayor presencia y visibilidad, mejorando las oportunidades de negocio y la captaci\u00f3n de potenciales clientes.<\/p>\n<\/div><\/div><\/div><div class=\"ea-card  sp-ea-single\"><h3 class=\"ea-header\"><a class=\"collapsed\" id=\"ea-header-10151\" data-sptoggle=\"spcollapse\" data-sptarget=\"#collapse10151\" aria-controls=\"collapse10151\" href=\"javascript:void(0)\"  aria-expanded=\"false\" tabindex=\"0\"><i class=\"ea-expand-icon ea-icon-expand-plus\"><\/i>  # 2. Mejor servicio al cliente<\/a><\/h3><div class=\"sp-collapse spcollapse \" id=\"collapse10151\" data-parent=\"#sp-ea-1015\" role=\"region\" aria-labelledby=\"ea-header-10151\"><div class=\"ea-body\"><p>La p\u00e1gina web sirve como canal de comunicaci\u00f3n entre tus clientes, proveedores e incluso empleados. Atiende mejor a tus clientes proporcionando toda la informaci\u00f3n que necesitan sin necesidad de esperar un folleto, adem\u00e1s gracias a los formularios de contactos el cliente puede enviar sus dudas o sugerencias directamente a la empresa de forma r\u00e1pida. Tambi\u00e9n puedes realizar encuestas online para conocer la satisfacci\u00f3n de los consumidores con el fin de mejorar el servicio que ofrece.<\/p>\n<\/div><\/div><\/div><div class=\"ea-card  sp-ea-single\"><h3 class=\"ea-header\"><a class=\"collapsed\" id=\"ea-header-10152\" data-sptoggle=\"spcollapse\" data-sptarget=\"#collapse10152\" aria-controls=\"collapse10152\" href=\"javascript:void(0)\"  aria-expanded=\"false\" tabindex=\"0\"><i class=\"ea-expand-icon ea-icon-expand-plus\"><\/i>  # 3. Disponible 24 horas<\/a><\/h3><div class=\"sp-collapse spcollapse \" id=\"collapse10152\" data-parent=\"#sp-ea-1015\" role=\"region\" aria-labelledby=\"ea-header-10152\"><div class=\"ea-body\"><p>Una vez creado tu sitio web siempre estar\u00e1 disponible para proporcionando informaci\u00f3n las 24 horas del d\u00eda, que no ser\u00eda posible de otro modo debido a las limitaciones del horario comercial.<\/p>\n<\/div><\/div><\/div><div class=\"ea-card  sp-ea-single\"><h3 class=\"ea-header\"><a class=\"collapsed\" id=\"ea-header-10153\" data-sptoggle=\"spcollapse\" data-sptarget=\"#collapse10153\" aria-controls=\"collapse10153\" href=\"javascript:void(0)\"  aria-expanded=\"false\" tabindex=\"0\"><i class=\"ea-expand-icon ea-icon-expand-plus\"><\/i>  # 4. Imagen profesional<\/a><\/h3><div class=\"sp-collapse spcollapse \" id=\"collapse10153\" data-parent=\"#sp-ea-1015\" role=\"region\" aria-labelledby=\"ea-header-10153\"><div class=\"ea-body\"><p>Tener una p\u00e1gina web te permite hacer publicidad y promocionar tu negocio con una exposici\u00f3n a nivel mundial gracias al gran alcance que tiene Internet, llegando incluso a nuevos mercados.<\/p>\n<\/div><\/div><\/div><div class=\"ea-card  sp-ea-single\"><h3 class=\"ea-header\"><a class=\"collapsed\" id=\"ea-header-10154\" data-sptoggle=\"spcollapse\" data-sptarget=\"#collapse10154\" aria-controls=\"collapse10154\" href=\"javascript:void(0)\"  aria-expanded=\"false\" tabindex=\"0\"><i class=\"ea-expand-icon ea-icon-expand-plus\"><\/i>  # 5. Te permite ser m\u00e1s competitivo<\/a><\/h3><div class=\"sp-collapse spcollapse \" id=\"collapse10154\" data-parent=\"#sp-ea-1015\" role=\"region\" aria-labelledby=\"ea-header-10154\"><div class=\"ea-body\"><p>Estar en l\u00ednea permite a tu empresa ser competitiva siendo m\u00e1s visible, permitiendo ampliar tu base de clientes y generar m\u00e1s ingresos, animando a los usuarios a comprar sus productos.<\/p>\n<\/div><\/div><\/div><div class=\"ea-card  sp-ea-single\"><h3 class=\"ea-header\"><a class=\"collapsed\" id=\"ea-header-10155\" data-sptoggle=\"spcollapse\" data-sptarget=\"#collapse10155\" aria-controls=\"collapse10155\" href=\"javascript:void(0)\"  aria-expanded=\"false\" tabindex=\"0\"><i class=\"ea-expand-icon ea-icon-expand-plus\"><\/i>  # 6. Es una herramienta de venta<\/a><\/h3><div class=\"sp-collapse spcollapse \" id=\"collapse10155\" data-parent=\"#sp-ea-1015\" role=\"region\" aria-labelledby=\"ea-header-10155\"><div class=\"ea-body\"><p>A la hora de comprar la tendencia de los consumidores es investigar en Internet antes de adquirir un producto o contratar alg\u00fan servicio, por este motivo es importante que tu negocio tenga un portal donde pueda presentar su oferta para que los potenciales clientes puedan consultar la informaci\u00f3n que necesitan antes de tomar una decisi\u00f3n, bien sea mediante alg\u00fan dispositivo m\u00f3vil o a trav\u00e9s del ordenador.<\/p>\n<\/div><\/div><\/div><div class=\"ea-card  sp-ea-single\"><h3 class=\"ea-header\"><a class=\"collapsed\" id=\"ea-header-10156\" data-sptoggle=\"spcollapse\" data-sptarget=\"#collapse10156\" aria-controls=\"collapse10156\" href=\"javascript:void(0)\"  aria-expanded=\"false\" tabindex=\"0\"><i class=\"ea-expand-icon ea-icon-expand-plus\"><\/i>  # 7. Ahorrar en publicidad<\/a><\/h3><div class=\"sp-collapse spcollapse \" id=\"collapse10156\" data-parent=\"#sp-ea-1015\" role=\"region\" aria-labelledby=\"ea-header-10156\"><div class=\"ea-body\"><p>Al contar con un sitio web propio ahorras en publicidad puesto que sirve de escaparate permanente de tus productos, ahorrando en la impresi\u00f3n de folletos o cat\u00e1logos. Ya que en l\u00ednea puedes exhibir tus productos ofreciendo informaci\u00f3n detallada y fotos a tus potenciales clientes.<\/p>\n<\/div><\/div><\/div><\/div><\/div>\n\n","protected":false},"excerpt":{"rendered":"","protected":false},"author":1,"featured_media":0,"parent":0,"menu_order":0,"comment_status":"closed","ping_status":"closed","template":"template-fullwidth.php","meta":{"om_disable_all_campaigns":false,"_mi_skip_tracking":false,"footnotes":""},"aioseo_notices":[],"_links":{"self":[{"href":"https:\/\/marketing.ventacibao.com\/index.php\/wp-json\/wp\/v2\/pages\/1012"}],"collection":[{"href":"https:\/\/marketing.ventacibao.com\/index.php\/wp-json\/wp\/v2\/pages"}],"about":[{"href":"https:\/\/marketing.ventacibao.com\/index.php\/wp-json\/wp\/v2\/types\/page"}],"author":[{"embeddable":true,"href":"https:\/\/marketing.ventacibao.com\/index.php\/wp-json\/wp\/v2\/users\/1"}],"replies":[{"embeddable":true,"href":"https:\/\/marketing.ventacibao.com\/index.php\/wp-json\/wp\/v2\/comments?post=1012"}],"version-history":[{"count":2,"href":"https:\/\/marketing.ventacibao.com\/index.php\/wp-json\/wp\/v2\/pages\/1012\/revisions"}],"predecessor-version":[{"id":1017,"href":"https:\/\/marketing.ventacibao.com\/index.php\/wp-json\/wp\/v2\/pages\/1012\/revisions\/1017"}],"wp:attachment":[{"href":"https:\/\/marketing.ventacibao.com\/index.php\/wp-json\/wp\/v2\/media?parent=1012"}],"curies":[{"name":"wp","href":"https:\/\/api.w.org\/{rel}","templated":true}]}}